{"id":98,"date":"2016-04-21T09:57:51","date_gmt":"2016-04-21T07:57:51","guid":{"rendered":"http:\/\/test.ovwritt.com\/?page_id=98"},"modified":"2016-04-21T11:10:20","modified_gmt":"2016-04-21T09:10:20","slug":"abfuhr-fuer-die-bauerntoelpel","status":"publish","type":"page","link":"https:\/\/test.ovwritt.com\/geschichte\/abfuhr-fuer-die-bauerntoelpel\/","title":{"rendered":"Abfuhr f\u00fcr die Bauernt\u00f6lpel"},"content":{"rendered":"<p>Besonders Demetz als Verehrer des Wolkensteiners war von Anfang an darum bem\u00fcht, der Veranstaltung einen kulturellen Unterbau zu geben.<br \/>\nVoller Eifer setzten die drei einen Brief auf, Adressat war die Oswald-von-Wolkenstein-Gesellschaft mit Sitz in N\u00fcrnberg.<br \/>\nEnthusiastisch schilderten sie die geplante mittelalterliche Reitveranstaltung, dessen weltlicher Schutzpatron Oswald von Wolkenstein sein sollte.<br \/>\nStatt lobender Worte, erteilte die hehre Wolkenstein-Gesellschaft dem Wolkenstein-Fu\u00dfvolk eine Abfuhr, die sich gewaschen hatte.<\/p>\n<p>F\u00fcr so eine Bauernt\u00f6lpel-Geschichte gebe die Gesellschaft nicht ihren guten Namen her und distanzierte sich in aller Form von diesem Vorhaben der S\u00fcdtiroler.<br \/>\nErst Jahre sp\u00e4ter, der alte Pr\u00e4sident der Gesellschaft war nicht mehr am Ruder, wurden der Ritt und seine Macher von der Wolkenstein-Gesellschaft rehabilitiert und zu ihren Aktivit\u00e4ten begl\u00fcckw\u00fcnscht.<br \/>\nIn ihrem \u00dcberschwang dachten die Organisatoren auch daran &#8211; wenn auch nur zum Spa\u00df &#8211; den damaligen italienischen Staatspr\u00e4sidenten Sandro Pertini anzuschreiben und ihm vorzuschlagen, die anstehenden Parlamentswahlen zu verschieben, da ja schlie\u00dflich genau an demselben Wochenende der Ritt zur Austragung kommen sollte.<\/p>\n<blockquote><p>Das haben wir letztendlich aber doch nicht gemacht<\/p>\n<p><small>sagt ein schmunzelnder Bummi Tschugguel.<\/small><\/p><\/blockquote>\n<p><em>Luise Malfertheiner &amp; J. Christian Rainer<\/em><\/p>\n","protected":false},"excerpt":{"rendered":"<p>Besonders Demetz als Verehrer des Wolkensteiners war von Anfang an darum bem\u00fcht, der Veranstaltung einen kulturellen Unterbau zu geben. Voller Eifer setzten die drei einen Brief auf, Adressat war die Oswald-von-Wolkenstein-Gesellschaft mit Sitz in N\u00fcrnberg. Enthusiastisch schilderten sie die geplante mittelalterliche Reitveranstaltung, dessen weltlicher Schutzpatron Oswald von Wolkenstein sein sollte. Statt lobender Worte, erteilte die [&hellip;]<\/p>\n","protected":false},"author":2,"featured_media":0,"parent":90,"menu_order":4,"comment_status":"closed","ping_status":"closed","template":"","meta":{"_acf_changed":false,"footnotes":""},"class_list":["post-98","page","type-page","status-publish","hentry"],"acf":[],"yoast_head":"<!-- This site is optimized with the Yoast SEO plugin v27.1.1 - https:\/\/yoast.com\/product\/yoast-seo-wordpress\/ -->\n<title>Abfuhr f\u00fcr die Bauernt\u00f6lpel - Der Oswald von Wolkenstein Ritt<\/title>\n<meta name=\"robots\" content=\"noindex, follow, max-snippet:-1, max-image-preview:large, max-video-preview:-1\" \/>\n<meta property=\"og:locale\" content=\"de_DE\" \/>\n<meta property=\"og:type\" content=\"article\" \/>\n<meta property=\"og:title\" content=\"Abfuhr f\u00fcr die Bauernt\u00f6lpel - Der Oswald von Wolkenstein Ritt\" \/>\n<meta property=\"og:description\" content=\"Besonders Demetz als Verehrer des Wolkensteiners war von Anfang an darum bem\u00fcht, der Veranstaltung einen kulturellen Unterbau zu geben. Voller Eifer setzten die drei einen Brief auf, Adressat war die Oswald-von-Wolkenstein-Gesellschaft mit Sitz in N\u00fcrnberg. Enthusiastisch schilderten sie die geplante mittelalterliche Reitveranstaltung, dessen weltlicher Schutzpatron Oswald von Wolkenstein sein sollte. Statt lobender Worte, erteilte die [&hellip;]\" \/>\n<meta property=\"og:url\" content=\"https:\/\/test.ovwritt.com\/geschichte\/abfuhr-fuer-die-bauerntoelpel\/\" \/>\n<meta property=\"og:site_name\" content=\"Der Oswald von Wolkenstein Ritt\" \/>\n<meta property=\"article:publisher\" content=\"https:\/\/www.facebook.com\/ovwritt\/\" \/>\n<meta property=\"article:modified_time\" content=\"2016-04-21T09:10:20+00:00\" \/>\n<meta name=\"twitter:label1\" content=\"Gesch\u00e4tzte Lesezeit\" \/>\n\t<meta name=\"twitter:data1\" content=\"1\u00a0Minute\" \/>\n<script type=\"application\/ld+json\" class=\"yoast-schema-graph\">{\"@context\":\"https:\/\/schema.org\",\"@graph\":[{\"@type\":\"WebPage\",\"@id\":\"https:\/\/test.ovwritt.com\/geschichte\/abfuhr-fuer-die-bauerntoelpel\/\",\"url\":\"https:\/\/test.ovwritt.com\/geschichte\/abfuhr-fuer-die-bauerntoelpel\/\",\"name\":\"Abfuhr f\u00fcr die Bauernt\u00f6lpel - Der Oswald von Wolkenstein Ritt\",\"isPartOf\":{\"@id\":\"https:\/\/test.ovwritt.com\/#website\"},\"datePublished\":\"2016-04-21T07:57:51+00:00\",\"dateModified\":\"2016-04-21T09:10:20+00:00\",\"breadcrumb\":{\"@id\":\"https:\/\/test.ovwritt.com\/geschichte\/abfuhr-fuer-die-bauerntoelpel\/#breadcrumb\"},\"inLanguage\":\"de\",\"potentialAction\":[{\"@type\":\"ReadAction\",\"target\":[\"https:\/\/test.ovwritt.com\/geschichte\/abfuhr-fuer-die-bauerntoelpel\/\"]}]},{\"@type\":\"BreadcrumbList\",\"@id\":\"https:\/\/test.ovwritt.com\/geschichte\/abfuhr-fuer-die-bauerntoelpel\/#breadcrumb\",\"itemListElement\":[{\"@type\":\"ListItem\",\"position\":1,\"name\":\"Startseite\",\"item\":\"https:\/\/test.ovwritt.com\/\"},{\"@type\":\"ListItem\",\"position\":2,\"name\":\"Geschichte\",\"item\":\"https:\/\/test.ovwritt.com\/geschichte\/\"},{\"@type\":\"ListItem\",\"position\":3,\"name\":\"Abfuhr f\u00fcr die Bauernt\u00f6lpel\"}]},{\"@type\":\"WebSite\",\"@id\":\"https:\/\/test.ovwritt.com\/#website\",\"url\":\"https:\/\/test.ovwritt.com\/\",\"name\":\"Der Oswald von Wolkenstein Ritt\",\"description\":\"Das gr\u00f6\u00dfte Reitspektakel S\u00fcdtirols\",\"potentialAction\":[{\"@type\":\"SearchAction\",\"target\":{\"@type\":\"EntryPoint\",\"urlTemplate\":\"https:\/\/test.ovwritt.com\/?s={search_term_string}\"},\"query-input\":{\"@type\":\"PropertyValueSpecification\",\"valueRequired\":true,\"valueName\":\"search_term_string\"}}],\"inLanguage\":\"de\"}]}<\/script>\n<!-- \/ Yoast SEO plugin. -->","yoast_head_json":{"title":"Abfuhr f\u00fcr die Bauernt\u00f6lpel - Der Oswald von Wolkenstein Ritt","robots":{"index":"noindex","follow":"follow","max-snippet":"max-snippet:-1","max-image-preview":"max-image-preview:large","max-video-preview":"max-video-preview:-1"},"og_locale":"de_DE","og_type":"article","og_title":"Abfuhr f\u00fcr die Bauernt\u00f6lpel - Der Oswald von Wolkenstein Ritt","og_description":"Besonders Demetz als Verehrer des Wolkensteiners war von Anfang an darum bem\u00fcht, der Veranstaltung einen kulturellen Unterbau zu geben. Voller Eifer setzten die drei einen Brief auf, Adressat war die Oswald-von-Wolkenstein-Gesellschaft mit Sitz in N\u00fcrnberg. Enthusiastisch schilderten sie die geplante mittelalterliche Reitveranstaltung, dessen weltlicher Schutzpatron Oswald von Wolkenstein sein sollte. Statt lobender Worte, erteilte die [&hellip;]","og_url":"https:\/\/test.ovwritt.com\/geschichte\/abfuhr-fuer-die-bauerntoelpel\/","og_site_name":"Der Oswald von Wolkenstein Ritt","article_publisher":"https:\/\/www.facebook.com\/ovwritt\/","article_modified_time":"2016-04-21T09:10:20+00:00","twitter_misc":{"Gesch\u00e4tzte Lesezeit":"1\u00a0Minute"},"schema":{"@context":"https:\/\/schema.org","@graph":[{"@type":"WebPage","@id":"https:\/\/test.ovwritt.com\/geschichte\/abfuhr-fuer-die-bauerntoelpel\/","url":"https:\/\/test.ovwritt.com\/geschichte\/abfuhr-fuer-die-bauerntoelpel\/","name":"Abfuhr f\u00fcr die Bauernt\u00f6lpel - Der Oswald von Wolkenstein Ritt","isPartOf":{"@id":"https:\/\/test.ovwritt.com\/#website"},"datePublished":"2016-04-21T07:57:51+00:00","dateModified":"2016-04-21T09:10:20+00:00","breadcrumb":{"@id":"https:\/\/test.ovwritt.com\/geschichte\/abfuhr-fuer-die-bauerntoelpel\/#breadcrumb"},"inLanguage":"de","potentialAction":[{"@type":"ReadAction","target":["https:\/\/test.ovwritt.com\/geschichte\/abfuhr-fuer-die-bauerntoelpel\/"]}]},{"@type":"BreadcrumbList","@id":"https:\/\/test.ovwritt.com\/geschichte\/abfuhr-fuer-die-bauerntoelpel\/#breadcrumb","itemListElement":[{"@type":"ListItem","position":1,"name":"Startseite","item":"https:\/\/test.ovwritt.com\/"},{"@type":"ListItem","position":2,"name":"Geschichte","item":"https:\/\/test.ovwritt.com\/geschichte\/"},{"@type":"ListItem","position":3,"name":"Abfuhr f\u00fcr die Bauernt\u00f6lpel"}]},{"@type":"WebSite","@id":"https:\/\/test.ovwritt.com\/#website","url":"https:\/\/test.ovwritt.com\/","name":"Der Oswald von Wolkenstein Ritt","description":"Das gr\u00f6\u00dfte Reitspektakel S\u00fcdtirols","potentialAction":[{"@type":"SearchAction","target":{"@type":"EntryPoint","urlTemplate":"https:\/\/test.ovwritt.com\/?s={search_term_string}"},"query-input":{"@type":"PropertyValueSpecification","valueRequired":true,"valueName":"search_term_string"}}],"inLanguage":"de"}]}},"_links":{"self":[{"href":"https:\/\/test.ovwritt.com\/json\/wp\/v2\/pages\/98","targetHints":{"allow":["GET"]}}],"collection":[{"href":"https:\/\/test.ovwritt.com\/json\/wp\/v2\/pages"}],"about":[{"href":"https:\/\/test.ovwritt.com\/json\/wp\/v2\/types\/page"}],"author":[{"embeddable":true,"href":"https:\/\/test.ovwritt.com\/json\/wp\/v2\/users\/2"}],"replies":[{"embeddable":true,"href":"https:\/\/test.ovwritt.com\/json\/wp\/v2\/comments?post=98"}],"version-history":[{"count":3,"href":"https:\/\/test.ovwritt.com\/json\/wp\/v2\/pages\/98\/revisions"}],"predecessor-version":[{"id":141,"href":"https:\/\/test.ovwritt.com\/json\/wp\/v2\/pages\/98\/revisions\/141"}],"up":[{"embeddable":true,"href":"https:\/\/test.ovwritt.com\/json\/wp\/v2\/pages\/90"}],"wp:attachment":[{"href":"https:\/\/test.ovwritt.com\/json\/wp\/v2\/media?parent=98"}],"curies":[{"name":"wp","href":"https:\/\/api.w.org\/{rel}","templated":true}]}}

Abfuhr für die Bauerntölpel

<p>Besonders Demetz als Verehrer des Wolkensteiners war von Anfang an darum bemüht, der Veranstaltung einen kulturellen Unterbau zu geben.<br />
Voller Eifer setzten die drei einen Brief auf, Adressat war die Oswald-von-Wolkenstein-Gesellschaft mit Sitz in Nürnberg.<br />
Enthusiastisch schilderten sie die geplante mittelalterliche Reitveranstaltung, dessen weltlicher Schutzpatron Oswald von Wolkenstein sein sollte.<br />
Statt lobender Worte, erteilte die hehre Wolkenstein-Gesellschaft dem Wolkenstein-Fußvolk eine Abfuhr, die sich gewaschen hatte.</p>
<p>Für so eine Bauerntölpel-Geschichte gebe die Gesellschaft nicht ihren guten Namen her und distanzierte sich in aller Form von diesem Vorhaben der Südtiroler.<br />
Erst Jahre später, der alte Präsident der Gesellschaft war nicht mehr am Ruder, wurden der Ritt und seine Macher von der Wolkenstein-Gesellschaft rehabilitiert und zu ihren Aktivitäten beglückwünscht.<br />
In ihrem Überschwang dachten die Organisatoren auch daran &#8211; wenn auch nur zum Spaß &#8211; den damaligen italienischen Staatspräsidenten Sandro Pertini anzuschreiben und ihm vorzuschlagen, die anstehenden Parlamentswahlen zu verschieben, da ja schließlich genau an demselben Wochenende der Ritt zur Austragung kommen sollte.</p>
<blockquote><p>Das haben wir letztendlich aber doch nicht gemacht</p>
<p><small>sagt ein schmunzelnder Bummi Tschugguel.</small></p></blockquote>
<p><em>Luise Malfertheiner &amp; J. Christian Rainer</em></p>

<p>Besonders Demetz als Verehrer des Wolkensteiners war von Anfang an darum bemüht, der Veranstaltung einen kulturellen Unterbau zu geben. Voller Eifer setzten die drei einen Brief auf, Adressat war die Oswald-von-Wolkenstein-Gesellschaft mit Sitz in Nürnberg. Enthusiastisch schilderten sie die geplante mittelalterliche Reitveranstaltung, dessen weltlicher Schutzpatron Oswald von Wolkenstein sein sollte. Statt lobender Worte, erteilte die [&hellip;]</p>

<!-- This site is optimized with the Yoast SEO plugin v27.1.1 - https://yoast.com/product/yoast-seo-wordpress/ -->
<title>Abfuhr für die Bauerntölpel - Der Oswald von Wolkenstein Ritt</title>
<meta name="robots" content="noindex, follow, max-snippet:-1, max-image-preview:large, max-video-preview:-1" />
<meta property="og:locale" content="de_DE" />
<meta property="og:type" content="article" />
<meta property="og:title" content="Abfuhr für die Bauerntölpel - Der Oswald von Wolkenstein Ritt" />
<meta property="og:description" content="Besonders Demetz als Verehrer des Wolkensteiners war von Anfang an darum bemüht, der Veranstaltung einen kulturellen Unterbau zu geben. Voller Eifer setzten die drei einen Brief auf, Adressat war die Oswald-von-Wolkenstein-Gesellschaft mit Sitz in Nürnberg. Enthusiastisch schilderten sie die geplante mittelalterliche Reitveranstaltung, dessen weltlicher Schutzpatron Oswald von Wolkenstein sein sollte. Statt lobender Worte, erteilte die [&hellip;]" />
<meta property="og:url" content="https://test.ovwritt.com/geschichte/abfuhr-fuer-die-bauerntoelpel/" />
<meta property="og:site_name" content="Der Oswald von Wolkenstein Ritt" />
<meta property="article:publisher" content="https://www.facebook.com/ovwritt/" />
<meta property="article:modified_time" content="2016-04-21T09:10:20+00:00" />
<meta name="twitter:label1" content="Geschätzte Lesezeit" />
	<meta name="twitter:data1" content="1 Minute" />
<script type="application/ld+json" class="yoast-schema-graph">{"@context":"https://schema.org","@graph":[{"@type":"WebPage","@id":"https://test.ovwritt.com/geschichte/abfuhr-fuer-die-bauerntoelpel/","url":"https://test.ovwritt.com/geschichte/abfuhr-fuer-die-bauerntoelpel/","name":"Abfuhr für die Bauerntölpel - Der Oswald von Wolkenstein Ritt","isPartOf":{"@id":"https://test.ovwritt.com/#website"},"datePublished":"2016-04-21T07:57:51+00:00","dateModified":"2016-04-21T09:10:20+00:00","breadcrumb":{"@id":"https://test.ovwritt.com/geschichte/abfuhr-fuer-die-bauerntoelpel/#breadcrumb"},"inLanguage":"de","potentialAction":[{"@type":"ReadAction","target":["https://test.ovwritt.com/geschichte/abfuhr-fuer-die-bauerntoelpel/"]}]},{"@type":"BreadcrumbList","@id":"https://test.ovwritt.com/geschichte/abfuhr-fuer-die-bauerntoelpel/#breadcrumb","itemListElement":[{"@type":"ListItem","position":1,"name":"Startseite","item":"https://test.ovwritt.com/"},{"@type":"ListItem","position":2,"name":"Geschichte","item":"https://test.ovwritt.com/geschichte/"},{"@type":"ListItem","position":3,"name":"Abfuhr für die Bauerntölpel"}]},{"@type":"WebSite","@id":"https://test.ovwritt.com/#website","url":"https://test.ovwritt.com/","name":"Der Oswald von Wolkenstein Ritt","description":"Das größte Reitspektakel Südtirols","potentialAction":[{"@type":"SearchAction","target":{"@type":"EntryPoint","urlTemplate":"https://test.ovwritt.com/?s={search_term_string}"},"query-input":{"@type":"PropertyValueSpecification","valueRequired":true,"valueName":"search_term_string"}}],"inLanguage":"de"}]}</script>
<!-- / Yoast SEO plugin. -->

Abfuhr für die Bauerntölpel - Der Oswald von Wolkenstein Ritt

Besonders Demetz als Verehrer des Wolkensteiners war von Anfang an darum bemüht, der Veranstaltung einen kulturellen Unterbau zu geben. Voller Eifer setzten die drei einen Brief auf, Adressat war die Oswald-von-Wolkenstein-Gesellschaft mit Sitz in Nürnberg. Enthusiastisch schilderten sie die geplante mittelalterliche Reitveranstaltung, dessen weltlicher Schutzpatron Oswald von Wolkenstein sein sollte. Statt lobender Worte, erteilte die [&hellip;]

Das größte Reitspektakel Südtirols
