{"id":110,"date":"2016-04-21T10:00:15","date_gmt":"2016-04-21T08:00:15","guid":{"rendered":"http:\/\/test.ovwritt.com\/?page_id=110"},"modified":"2016-04-26T15:32:30","modified_gmt":"2016-04-26T13:32:30","slug":"aufwind-fuer-reitkultur","status":"publish","type":"page","link":"https:\/\/test.ovwritt.com\/geschichte\/aufwind-fuer-reitkultur\/","title":{"rendered":"Aufwind f\u00fcr Reitkultur"},"content":{"rendered":"<p>Dass es damals mit einigen wenigen Ausnahmen mit dem reiterischen K\u00f6nnen nicht weit her war, zeigte sich auch beim Torritt am V\u00f6lser Weiher.<br \/>\nHier stolperten die Pferde mehr als sie trabten. Heute wird der Torritt im Galopp genommen.<\/p>\n<blockquote><p>Den fliegenden Galoppwechsel hat niemand gekannt<br \/>\n<small>so Bummi Tschugguel<\/small><\/p><\/blockquote>\n<p>Eine der gr\u00f6\u00dften Herausforderungen wartete schlie\u00dflich noch vor Pr\u00f6sels auf Ross und Reiter, und zwar in Form eines Tores, das r\u00fcckw\u00e4rts passiert werden musste. Kaum einer hatte es damals f\u00fcr m\u00f6glich gehalten, dass ein Pferd r\u00fcckw\u00e4rts gerichtet werden kann.<br \/>\nUnd dies wurde von Ross und Reiter eindr\u00fccklich best\u00e4tigt. Um die Pferde- und Reitkultur war es zu Beginn der 80er sehr schlecht bestellt.<br \/>\nBis auf die Galopprennen in Meran gab es nichts, und diese trugen auch nicht sonderlich zur Steigerung der reiterischen Vielfalt und des K\u00f6nnens bei.<\/p>\n<blockquote><p>Das Reiten an sich war ein Stiefkind in unserem Land<br \/>\n<small>betont Tschugguel<\/small><\/p>\n<p>Am Hochplateau hat es kaum noch R\u00f6sser gegeben und wenn ein Bauer noch eines im Stall stehen hatte, dann hat er es zu Fu\u00df zum Schmied gebracht. Aber kein Bauer ist geritten seit alters her, das war den Adeligen vorbehalten<br \/>\n<small>erinnert Hanspeter Demetz<\/small><\/p><\/blockquote>\n<p>Heute hat sich dies nicht zuletzt wegen des Oswald-von-Wolkenstein-Rittes grundlegend ge\u00e4ndert.<br \/>\nFreizeit-Reitvereine sind aus dem Boden geschossen und das reiterische K\u00f6nnen sowohl des Reiters als auch des Pferdes hat sich gebessert.<\/p>\n<blockquote><p>Trotzdem gibt es noch einige Reiter, die sitzen oben wie die Hunnen. Nichts gegen das Reitervolk, aber die haben ihr Pferd im Notfall auch gegessen<br \/>\n<small>so Bummi Tschugguel<\/small><\/p><\/blockquote>\n<p>Haben in den ersten paar Jahren viele zur Gaudi und gem\u00e4\u00df dem olympischen Gedanken \u201edabei sein ist alles\u201c mitgemacht, so ist die Gaudi mittlerweile dem sportlichen Ehrgeiz gewichen.<\/p>\n<p>Der Ritt ist zu einer Prestigesache geworden. Keiner will eine bl\u00f6de Figur machen und den anderen drei Mannschaftskollegen wegen mangelnden K\u00f6nnens die Tour bzw. den Tag vermasseln.<\/p>\n<p><em>Luise Malfertheiner &amp; J. Christian Rainer<\/em><\/p>\n","protected":false},"excerpt":{"rendered":"<p>Dass es damals mit einigen wenigen Ausnahmen mit dem reiterischen K\u00f6nnen nicht weit her war, zeigte sich auch beim Torritt am V\u00f6lser Weiher. Hier stolperten die Pferde mehr als sie trabten. Heute wird der Torritt im Galopp genommen. Den fliegenden Galoppwechsel hat niemand gekannt so Bummi Tschugguel Eine der gr\u00f6\u00dften Herausforderungen wartete schlie\u00dflich noch vor [&hellip;]<\/p>\n","protected":false},"author":2,"featured_media":0,"parent":90,"menu_order":10,"comment_status":"closed","ping_status":"closed","template":"","meta":{"_acf_changed":false,"footnotes":""},"class_list":["post-110","page","type-page","status-publish","hentry"],"acf":[],"yoast_head":"<!-- This site is optimized with the Yoast SEO plugin v27.1.1 - https:\/\/yoast.com\/product\/yoast-seo-wordpress\/ -->\n<title>Aufwind f\u00fcr Reitkultur - Der Oswald von Wolkenstein Ritt<\/title>\n<meta name=\"robots\" content=\"noindex, follow, max-snippet:-1, max-image-preview:large, max-video-preview:-1\" \/>\n<meta property=\"og:locale\" content=\"de_DE\" \/>\n<meta property=\"og:type\" content=\"article\" \/>\n<meta property=\"og:title\" content=\"Aufwind f\u00fcr Reitkultur - Der Oswald von Wolkenstein Ritt\" \/>\n<meta property=\"og:description\" content=\"Dass es damals mit einigen wenigen Ausnahmen mit dem reiterischen K\u00f6nnen nicht weit her war, zeigte sich auch beim Torritt am V\u00f6lser Weiher. Hier stolperten die Pferde mehr als sie trabten. Heute wird der Torritt im Galopp genommen. Den fliegenden Galoppwechsel hat niemand gekannt so Bummi Tschugguel Eine der gr\u00f6\u00dften Herausforderungen wartete schlie\u00dflich noch vor [&hellip;]\" \/>\n<meta property=\"og:url\" content=\"https:\/\/test.ovwritt.com\/geschichte\/aufwind-fuer-reitkultur\/\" \/>\n<meta property=\"og:site_name\" content=\"Der Oswald von Wolkenstein Ritt\" \/>\n<meta property=\"article:publisher\" content=\"https:\/\/www.facebook.com\/ovwritt\/\" \/>\n<meta property=\"article:modified_time\" content=\"2016-04-26T13:32:30+00:00\" \/>\n<meta name=\"twitter:label1\" content=\"Gesch\u00e4tzte Lesezeit\" \/>\n\t<meta name=\"twitter:data1\" content=\"2\u00a0Minuten\" \/>\n<script type=\"application\/ld+json\" class=\"yoast-schema-graph\">{\"@context\":\"https:\/\/schema.org\",\"@graph\":[{\"@type\":\"WebPage\",\"@id\":\"https:\/\/test.ovwritt.com\/geschichte\/aufwind-fuer-reitkultur\/\",\"url\":\"https:\/\/test.ovwritt.com\/geschichte\/aufwind-fuer-reitkultur\/\",\"name\":\"Aufwind f\u00fcr Reitkultur - Der Oswald von Wolkenstein Ritt\",\"isPartOf\":{\"@id\":\"https:\/\/test.ovwritt.com\/#website\"},\"datePublished\":\"2016-04-21T08:00:15+00:00\",\"dateModified\":\"2016-04-26T13:32:30+00:00\",\"breadcrumb\":{\"@id\":\"https:\/\/test.ovwritt.com\/geschichte\/aufwind-fuer-reitkultur\/#breadcrumb\"},\"inLanguage\":\"de\",\"potentialAction\":[{\"@type\":\"ReadAction\",\"target\":[\"https:\/\/test.ovwritt.com\/geschichte\/aufwind-fuer-reitkultur\/\"]}]},{\"@type\":\"BreadcrumbList\",\"@id\":\"https:\/\/test.ovwritt.com\/geschichte\/aufwind-fuer-reitkultur\/#breadcrumb\",\"itemListElement\":[{\"@type\":\"ListItem\",\"position\":1,\"name\":\"Startseite\",\"item\":\"https:\/\/test.ovwritt.com\/\"},{\"@type\":\"ListItem\",\"position\":2,\"name\":\"Geschichte\",\"item\":\"https:\/\/test.ovwritt.com\/geschichte\/\"},{\"@type\":\"ListItem\",\"position\":3,\"name\":\"Aufwind f\u00fcr Reitkultur\"}]},{\"@type\":\"WebSite\",\"@id\":\"https:\/\/test.ovwritt.com\/#website\",\"url\":\"https:\/\/test.ovwritt.com\/\",\"name\":\"Der Oswald von Wolkenstein Ritt\",\"description\":\"Das gr\u00f6\u00dfte Reitspektakel S\u00fcdtirols\",\"potentialAction\":[{\"@type\":\"SearchAction\",\"target\":{\"@type\":\"EntryPoint\",\"urlTemplate\":\"https:\/\/test.ovwritt.com\/?s={search_term_string}\"},\"query-input\":{\"@type\":\"PropertyValueSpecification\",\"valueRequired\":true,\"valueName\":\"search_term_string\"}}],\"inLanguage\":\"de\"}]}<\/script>\n<!-- \/ Yoast SEO plugin. -->","yoast_head_json":{"title":"Aufwind f\u00fcr Reitkultur - Der Oswald von Wolkenstein Ritt","robots":{"index":"noindex","follow":"follow","max-snippet":"max-snippet:-1","max-image-preview":"max-image-preview:large","max-video-preview":"max-video-preview:-1"},"og_locale":"de_DE","og_type":"article","og_title":"Aufwind f\u00fcr Reitkultur - Der Oswald von Wolkenstein Ritt","og_description":"Dass es damals mit einigen wenigen Ausnahmen mit dem reiterischen K\u00f6nnen nicht weit her war, zeigte sich auch beim Torritt am V\u00f6lser Weiher. Hier stolperten die Pferde mehr als sie trabten. Heute wird der Torritt im Galopp genommen. Den fliegenden Galoppwechsel hat niemand gekannt so Bummi Tschugguel Eine der gr\u00f6\u00dften Herausforderungen wartete schlie\u00dflich noch vor [&hellip;]","og_url":"https:\/\/test.ovwritt.com\/geschichte\/aufwind-fuer-reitkultur\/","og_site_name":"Der Oswald von Wolkenstein Ritt","article_publisher":"https:\/\/www.facebook.com\/ovwritt\/","article_modified_time":"2016-04-26T13:32:30+00:00","twitter_misc":{"Gesch\u00e4tzte Lesezeit":"2\u00a0Minuten"},"schema":{"@context":"https:\/\/schema.org","@graph":[{"@type":"WebPage","@id":"https:\/\/test.ovwritt.com\/geschichte\/aufwind-fuer-reitkultur\/","url":"https:\/\/test.ovwritt.com\/geschichte\/aufwind-fuer-reitkultur\/","name":"Aufwind f\u00fcr Reitkultur - Der Oswald von Wolkenstein Ritt","isPartOf":{"@id":"https:\/\/test.ovwritt.com\/#website"},"datePublished":"2016-04-21T08:00:15+00:00","dateModified":"2016-04-26T13:32:30+00:00","breadcrumb":{"@id":"https:\/\/test.ovwritt.com\/geschichte\/aufwind-fuer-reitkultur\/#breadcrumb"},"inLanguage":"de","potentialAction":[{"@type":"ReadAction","target":["https:\/\/test.ovwritt.com\/geschichte\/aufwind-fuer-reitkultur\/"]}]},{"@type":"BreadcrumbList","@id":"https:\/\/test.ovwritt.com\/geschichte\/aufwind-fuer-reitkultur\/#breadcrumb","itemListElement":[{"@type":"ListItem","position":1,"name":"Startseite","item":"https:\/\/test.ovwritt.com\/"},{"@type":"ListItem","position":2,"name":"Geschichte","item":"https:\/\/test.ovwritt.com\/geschichte\/"},{"@type":"ListItem","position":3,"name":"Aufwind f\u00fcr Reitkultur"}]},{"@type":"WebSite","@id":"https:\/\/test.ovwritt.com\/#website","url":"https:\/\/test.ovwritt.com\/","name":"Der Oswald von Wolkenstein Ritt","description":"Das gr\u00f6\u00dfte Reitspektakel S\u00fcdtirols","potentialAction":[{"@type":"SearchAction","target":{"@type":"EntryPoint","urlTemplate":"https:\/\/test.ovwritt.com\/?s={search_term_string}"},"query-input":{"@type":"PropertyValueSpecification","valueRequired":true,"valueName":"search_term_string"}}],"inLanguage":"de"}]}},"_links":{"self":[{"href":"https:\/\/test.ovwritt.com\/json\/wp\/v2\/pages\/110","targetHints":{"allow":["GET"]}}],"collection":[{"href":"https:\/\/test.ovwritt.com\/json\/wp\/v2\/pages"}],"about":[{"href":"https:\/\/test.ovwritt.com\/json\/wp\/v2\/types\/page"}],"author":[{"embeddable":true,"href":"https:\/\/test.ovwritt.com\/json\/wp\/v2\/users\/2"}],"replies":[{"embeddable":true,"href":"https:\/\/test.ovwritt.com\/json\/wp\/v2\/comments?post=110"}],"version-history":[{"count":3,"href":"https:\/\/test.ovwritt.com\/json\/wp\/v2\/pages\/110\/revisions"}],"predecessor-version":[{"id":218,"href":"https:\/\/test.ovwritt.com\/json\/wp\/v2\/pages\/110\/revisions\/218"}],"up":[{"embeddable":true,"href":"https:\/\/test.ovwritt.com\/json\/wp\/v2\/pages\/90"}],"wp:attachment":[{"href":"https:\/\/test.ovwritt.com\/json\/wp\/v2\/media?parent=110"}],"curies":[{"name":"wp","href":"https:\/\/api.w.org\/{rel}","templated":true}]}}

Aufwind für Reitkultur

<p>Dass es damals mit einigen wenigen Ausnahmen mit dem reiterischen Können nicht weit her war, zeigte sich auch beim Torritt am Völser Weiher.<br />
Hier stolperten die Pferde mehr als sie trabten. Heute wird der Torritt im Galopp genommen.</p>
<blockquote><p>Den fliegenden Galoppwechsel hat niemand gekannt<br />
<small>so Bummi Tschugguel</small></p></blockquote>
<p>Eine der größten Herausforderungen wartete schließlich noch vor Prösels auf Ross und Reiter, und zwar in Form eines Tores, das rückwärts passiert werden musste. Kaum einer hatte es damals für möglich gehalten, dass ein Pferd rückwärts gerichtet werden kann.<br />
Und dies wurde von Ross und Reiter eindrücklich bestätigt. Um die Pferde- und Reitkultur war es zu Beginn der 80er sehr schlecht bestellt.<br />
Bis auf die Galopprennen in Meran gab es nichts, und diese trugen auch nicht sonderlich zur Steigerung der reiterischen Vielfalt und des Könnens bei.</p>
<blockquote><p>Das Reiten an sich war ein Stiefkind in unserem Land<br />
<small>betont Tschugguel</small></p>
<p>Am Hochplateau hat es kaum noch Rösser gegeben und wenn ein Bauer noch eines im Stall stehen hatte, dann hat er es zu Fuß zum Schmied gebracht. Aber kein Bauer ist geritten seit alters her, das war den Adeligen vorbehalten<br />
<small>erinnert Hanspeter Demetz</small></p></blockquote>
<p>Heute hat sich dies nicht zuletzt wegen des Oswald-von-Wolkenstein-Rittes grundlegend geändert.<br />
Freizeit-Reitvereine sind aus dem Boden geschossen und das reiterische Können sowohl des Reiters als auch des Pferdes hat sich gebessert.</p>
<blockquote><p>Trotzdem gibt es noch einige Reiter, die sitzen oben wie die Hunnen. Nichts gegen das Reitervolk, aber die haben ihr Pferd im Notfall auch gegessen<br />
<small>so Bummi Tschugguel</small></p></blockquote>
<p>Haben in den ersten paar Jahren viele zur Gaudi und gemäß dem olympischen Gedanken „dabei sein ist alles“ mitgemacht, so ist die Gaudi mittlerweile dem sportlichen Ehrgeiz gewichen.</p>
<p>Der Ritt ist zu einer Prestigesache geworden. Keiner will eine blöde Figur machen und den anderen drei Mannschaftskollegen wegen mangelnden Könnens die Tour bzw. den Tag vermasseln.</p>
<p><em>Luise Malfertheiner &amp; J. Christian Rainer</em></p>

<p>Dass es damals mit einigen wenigen Ausnahmen mit dem reiterischen Können nicht weit her war, zeigte sich auch beim Torritt am Völser Weiher. Hier stolperten die Pferde mehr als sie trabten. Heute wird der Torritt im Galopp genommen. Den fliegenden Galoppwechsel hat niemand gekannt so Bummi Tschugguel Eine der größten Herausforderungen wartete schließlich noch vor [&hellip;]</p>

<!-- This site is optimized with the Yoast SEO plugin v27.1.1 - https://yoast.com/product/yoast-seo-wordpress/ -->
<title>Aufwind für Reitkultur - Der Oswald von Wolkenstein Ritt</title>
<meta name="robots" content="noindex, follow, max-snippet:-1, max-image-preview:large, max-video-preview:-1" />
<meta property="og:locale" content="de_DE" />
<meta property="og:type" content="article" />
<meta property="og:title" content="Aufwind für Reitkultur - Der Oswald von Wolkenstein Ritt" />
<meta property="og:description" content="Dass es damals mit einigen wenigen Ausnahmen mit dem reiterischen Können nicht weit her war, zeigte sich auch beim Torritt am Völser Weiher. Hier stolperten die Pferde mehr als sie trabten. Heute wird der Torritt im Galopp genommen. Den fliegenden Galoppwechsel hat niemand gekannt so Bummi Tschugguel Eine der größten Herausforderungen wartete schließlich noch vor [&hellip;]" />
<meta property="og:url" content="https://test.ovwritt.com/geschichte/aufwind-fuer-reitkultur/" />
<meta property="og:site_name" content="Der Oswald von Wolkenstein Ritt" />
<meta property="article:publisher" content="https://www.facebook.com/ovwritt/" />
<meta property="article:modified_time" content="2016-04-26T13:32:30+00:00" />
<meta name="twitter:label1" content="Geschätzte Lesezeit" />
	<meta name="twitter:data1" content="2 Minuten" />
<script type="application/ld+json" class="yoast-schema-graph">{"@context":"https://schema.org","@graph":[{"@type":"WebPage","@id":"https://test.ovwritt.com/geschichte/aufwind-fuer-reitkultur/","url":"https://test.ovwritt.com/geschichte/aufwind-fuer-reitkultur/","name":"Aufwind für Reitkultur - Der Oswald von Wolkenstein Ritt","isPartOf":{"@id":"https://test.ovwritt.com/#website"},"datePublished":"2016-04-21T08:00:15+00:00","dateModified":"2016-04-26T13:32:30+00:00","breadcrumb":{"@id":"https://test.ovwritt.com/geschichte/aufwind-fuer-reitkultur/#breadcrumb"},"inLanguage":"de","potentialAction":[{"@type":"ReadAction","target":["https://test.ovwritt.com/geschichte/aufwind-fuer-reitkultur/"]}]},{"@type":"BreadcrumbList","@id":"https://test.ovwritt.com/geschichte/aufwind-fuer-reitkultur/#breadcrumb","itemListElement":[{"@type":"ListItem","position":1,"name":"Startseite","item":"https://test.ovwritt.com/"},{"@type":"ListItem","position":2,"name":"Geschichte","item":"https://test.ovwritt.com/geschichte/"},{"@type":"ListItem","position":3,"name":"Aufwind für Reitkultur"}]},{"@type":"WebSite","@id":"https://test.ovwritt.com/#website","url":"https://test.ovwritt.com/","name":"Der Oswald von Wolkenstein Ritt","description":"Das größte Reitspektakel Südtirols","potentialAction":[{"@type":"SearchAction","target":{"@type":"EntryPoint","urlTemplate":"https://test.ovwritt.com/?s={search_term_string}"},"query-input":{"@type":"PropertyValueSpecification","valueRequired":true,"valueName":"search_term_string"}}],"inLanguage":"de"}]}</script>
<!-- / Yoast SEO plugin. -->

Aufwind für Reitkultur - Der Oswald von Wolkenstein Ritt

Dass es damals mit einigen wenigen Ausnahmen mit dem reiterischen Können nicht weit her war, zeigte sich auch beim Torritt am Völser Weiher. Hier stolperten die Pferde mehr als sie trabten. Heute wird der Torritt im Galopp genommen. Den fliegenden Galoppwechsel hat niemand gekannt so Bummi Tschugguel Eine der größten Herausforderungen wartete schließlich noch vor [&hellip;]

Das größte Reitspektakel Südtirols
